{"id":191,"date":"2023-05-29T22:21:10","date_gmt":"2023-05-29T20:21:10","guid":{"rendered":"https:\/\/coffretelec.fr\/?post_type=product&#038;p=191"},"modified":"2026-02-15T17:48:43","modified_gmt":"2026-02-15T16:48:43","slug":"coffret-prises-monophase-et-triphase-32a","status":"publish","type":"product","link":"https:\/\/coffretelec.fr\/index.php\/product\/coffret-prises-monophase-et-triphase-32a\/","title":{"rendered":"Coffret prises monophas\u00e9 et triphas\u00e9 32A"},"content":{"rendered":"<p>Sp\u00e9cification<\/p>\n<p>Tension de Fonctionnement Nominale : AC 230 \/ 400 V<br \/>\nNiveau de Protection de la Coque : IP65<br \/>\nNiveau de Protection de la Prise : IP44<br \/>\n3 x Prises mono 230 V, 16A, IP54<br \/>\n1 x Prise triphas\u00e9 400 V, 16A, IP54<\/p>\n<p>1x Prise triphas\u00e9 400 V, 32A, IP54<br \/>\n3x Disjoncteur C16A mono<br \/>\n1x Disjoncteur C16A triphas\u00e9<\/p>\n<p>1x Disjoncteur C32A triphas\u00e9<br \/>\nPoids Net : 3,90 kg<br \/>\nDimensions de l&rsquo;Emballage (L x L x H) : 220 x 300 x 150 mm<\/p>\n","protected":false},"excerpt":{"rendered":"<p>Sp\u00e9cification Tension de Fonctionnement Nominale : AC 230 \/ 400 V Niveau de Protection de la Coque : IP65 Niveau de Protection de la Prise : IP44 3 x Prises mono 230 V, 16A, IP54 1 x Prise triphas\u00e9 400 V, 16A, IP54 1x Prise triphas\u00e9 400 V, 32A, IP54 3x Disjoncteur C16A mono 1x [&hellip;]<\/p>\n","protected":false},"featured_media":190,"comment_status":"open","ping_status":"closed","template":"","meta":[],"product_brand":[],"product_cat":[42],"product_tag":[],"class_list":{"0":"post-191","1":"product","2":"type-product","3":"status-publish","4":"has-post-thumbnail","6":"product_cat-coffret-prises","8":"first","9":"instock","10":"taxable","11":"shipping-taxable","12":"purchasable","13":"product-type-simple"},"jetpack_sharing_enabled":true,"_links":{"self":[{"href":"https:\/\/coffretelec.fr\/index.php\/wp-json\/wp\/v2\/product\/191","targetHints":{"allow":["GET"]}}],"collection":[{"href":"https:\/\/coffretelec.fr\/index.php\/wp-json\/wp\/v2\/product"}],"about":[{"href":"https:\/\/coffretelec.fr\/index.php\/wp-json\/wp\/v2\/types\/product"}],"replies":[{"embeddable":true,"href":"https:\/\/coffretelec.fr\/index.php\/wp-json\/wp\/v2\/comments?post=191"}],"wp:featuredmedia":[{"embeddable":true,"href":"https:\/\/coffretelec.fr\/index.php\/wp-json\/wp\/v2\/media\/190"}],"wp:attachment":[{"href":"https:\/\/coffretelec.fr\/index.php\/wp-json\/wp\/v2\/media?parent=191"}],"wp:term":[{"taxonomy":"product_brand","embeddable":true,"href":"https:\/\/coffretelec.fr\/index.php\/wp-json\/wp\/v2\/product_brand?post=191"},{"taxonomy":"product_cat","embeddable":true,"href":"https:\/\/coffretelec.fr\/index.php\/wp-json\/wp\/v2\/product_cat?post=191"},{"taxonomy":"product_tag","embeddable":true,"href":"https:\/\/coffretelec.fr\/index.php\/wp-json\/wp\/v2\/product_tag?post=191"}],"curies":[{"name":"wp","href":"https:\/\/api.w.org\/{rel}","templated":true}]}}